 the remainder when 5578236 is divided by 27?
9
Calculate the remainder when 102492 is divided by 7273.
670
What is the remainder when 195603 is divided by 998?
993
Calculate the remainder when 421956 is divided by 5853.
540
Calculate the remainder when 70955 is divided by 23536.
347
What is the remainder when 8232242 is divided by 64314?
50
Calculate the remainder when 307052 is divided by 67.
58
What is the remainder when 56951 is divided by 4020?
671
Calculate the remainder when 227369 is divided by 227321.
48
Calculate the remainder when 901699 is divided by 161.
99
Calculate the remainder when 357816 is divided by 88.
8
What is the remainder when 18708868 is divided by 128?
4
What is the remainder when 56383 is divided by 7014?
271
What is the remainder when 2744398 is divided by 300?
298
What is the remainder when 58830312 is divided by 1174?
1172
Calculate the remainder when 85009863 is divided by 10.
3
Calculate the remainder when 84921 is divided by 944.
905
What is the remainder when 11361808 is divided by 1214?
1196
Calculate the remainder when 23811 is divided by 5851.
407
What is the remainder when 43615727 is divided by 339?
326
What is the remainder when 25165182 is divided by 2091?
2088
Calculate the remainder when 272903 is divided by 38980.
43
Calculate the remainder when 786285 is divided by 592.
109
What is the remainder when 32649163 is divided by 5441526?
7
What is the remainder when 856204 is divided by 10237?
6533
Calculate the remainder when 11663331 is divided by 49.
8
Calculate the remainder when 9508088 is divided by 1598.
1586
Calculate the remainder when 346928 is divided by 26560.
1648
Calculate the remainder when 165390 is divided by 31909.
5845
Calculate the remainder when 22361208 is divided by 6546.
72
What is the remainder when 115147 is divided by 9592?
43
What is the remainder when 4292921 is divided by 38?
23
What is the remainder when 53288409 is divided by 26644201?
7
What is the remainder when 23034 is divided by 1320?
594
What is the remainder when 1161117 is divided by 1230?
1227
Calculate the remainder when 509188 is divided by 1139.
55
What is the remainder when 8154396 is divided by 36403?
124
What is the remainder when 59144 is divided by 11624?
1024
Calculate the remainder when 306944 is divided by 38366.
16
Calculate the remainder when 5168158 is divided by 251.
68
Calculate the remainder when 910312 is divided by 50572.
16
What is the remainder when 364113546 is divided by 309?
306
What is the remainder when 2537431 is divided by 55?
6
What is the remainder when 2839953 is divided by 83527?
35
Calculate the remainder when 595119149 is divided by 243.
242
What is the remainder when 21958311 is divided by 32921?
4
What is the remainder when 52601 is divided by 10438?
411
Calculate the remainder when 311495 is divided by 215.
175
Calculate the remainder when 100913806 is divided by 7762600.
6
What is the remainder when 68324931 is divided by 140?
31
What is the remainder when 15241 is divided by 607?
66
What is the remainder when 53133 is divided by 830?
13
Calculate the remainder when 50790 is divided by 3755.
1975
Calculate the remainder when 729708874 is divided by 965.
964
Calculate the remainder when 929439 is divided by 2372.
1987
What is the remainder when 880866 is divided by 176135?
191
Calculate the remainder when 32150276 is divided by 228.
224
What is the remainder when 3301824 is divided by 42?
36
What is the remainder when 40473594 is divided by 136?
130
What is the remainder when 434493546 is divided by 46?
40
Calculate the remainder when 22221174 is divided by 517.
514
What is the remainder when 169201 is divided by 41547?
3013
What is the remainder when 142662 is divided by 22?
14
Calculate the remainder when 141983842 is divided by 244.
242
What is the remainder when 950121 is divided by 39585?
81
What is the remainder when 705852 is divided by 121?
59
What is the remainder when 2632182 is divided by 2244?
2214
Calculate the remainder when 37198 is divided by 4076.
514
Calculate the remainder when 361395560 is divided by 117.
110
What is the remainder when 6805843 is divided by 6519?
7
Calculate the remainder when 1042860 is divided by 176.
60
Calculate the remainder when 5823592 is divided by 5063.
1142
Calculate the remainder when 14918 is divided by 3603.
506
What is the remainder when 751729 is divided by 150297?
244
What is the remainder when 7803620 is divided by 402?
398
Calculate the remainder when 3290842 is divided by 1645397.
48
Calculate the remainder when 155232 is divided by 74462.
6308
Calculate the remainder when 60230168 is divided by 770.
768
Calculate the remainder when 4073962 is divided by 226330.
22
What is the remainder when 277387 is divided by 89?
63
What is the remainder when 743572 is divided by 1857?
772
Calculate the remainder when 23320457 is divided by 1671.
1652
Calculate the remainder when 185821 is divided by 37157.
36
What is the remainder when 84238283 is divided by 372?
371
Calculate the remainder when 122395 is divided by 919.
168
What is the remainder when 1953077 is divided by 452?
437
What is the remainder when 57876309 is divided by 366?
363
Calculate the remainder when 32956555 is divided by 83.
77
What is the remainder when 78218410 is divided by 99?
94
Calculate the remainder when 708302 is divided by 1534.
1128
What is the remainder when 23173912 is divided by 665?
657
Calculate the remainder when 323793 is divided by 7528.
89
Calculate the remainder when 27869 is divided by 5100.
2369
Calculate the remainder when 2914502 is divided by 1542.
122
What is the remainder when 59934604 is divided by 45405?
4
Calculate the remainder when 662332 is divided by 314.
106
Calculate the remainder when 274134 is divided by 129.
9
What is the remainder when 9608676 is divided by 760?
756
What is the remainder when 125350 is divided by 31066?
1086
What is the remainder when 8435327 is divided by 1687064?
7
What is the remainder when 1726090 is divided by 57536?
10
Calculate the remainder when 3294768 is divided by 205921.
32
What is the remainder when 9341694 is divided by 26767?
11
What is the remainder when 13661882 is divided by 51946?
84
Calculate the remainder when 414752 is divided by 330.
272
Calculate the remainder when 384131 is divided by 456.
179
What is the remainder when 11282 is divided by 5348?
586
Calculate the remainder when 34809942 is divided by 16.
6
What is the remainder when 6258187 is divided by 6258184?
3
Calculate the remainder when 76616 is divided by 5466.
92
What is the remainder when 227577 is divided by 3383?
916
What is the remainder when 304009395 is divided by 2838?
2835
What is the remainder when 23883780 is divided by 148?
132
Calculate the remainder when 937829 is divided by 1034.
1025
Calculate the remainder when 96886 is divided by 32270.
76
What is the remainder when 98841997 is divided by 146?
143
What is the remainder when 3439216143 is divided by 14008?
14007
Calculate the remainder when 17973350 is divided by 142.
126
Calculate the remainder when 443064 is divided by 36541.
4572
What is the remainder when 67687405 is divided by 65084?
45
Calculate the remainder when 30578500 is divided by 18.
10
Calculate the remainder when 13280749 is divided by 102.
43
Calculate the remainder when 5354834 is divided by 3195.
14
Calculate the remainder when 63099159 is divided by 432186.
3
Calculate the remainder when 2683128 is divided by 1441.
1427
Calculate the remainder when 26628 is divided by 8489.
1161
Calculate the remainder when 39491 is divided by 4351.
332
Calculate the remainder when 78622498 is divided by 3812.
3810
Calculate the remainder when 3139377 is divided by 121.
32
Calculate the remainder when 9839605 is divided by 994.
993
What is the remainder when 253841 is divided by 2917?
62
Calculate the remainder when 504664 is divided by 504344.
320
What is the remainder when 59413 is divided by 4395?
2278
What is the remainder when 38040 is divided by 10311?
7107
Calculate the remainder when 19504785 is divided by 66797.
61
What is the remainder when 6270044 is divided by 12?
8
Calculate the remainder when 705784 is divided by 5042.
4946
What is the remainder when 170452 is divided by 1026?
136
What is 